?
5
Suppose 15*g - 1311 = 6384. What is the units digit of g?
3
Let c be 2 - 1/(3/(-6)). Let h be (-2 + 3)/(c/(-1704)). What is the tens digit of (-3)/7 - h/14?
3
Suppose 0*q = -4*q + 12. Let v(t) be the third derivative of t**6/60 - t**5/30 - t**4/24 - t**3/3 - 16*t**2 - 6*t. What is the units digit of v(q)?
1
Suppose 2*b = -i + 60, -5*b + 3*i + 140 - 1 = 0. Suppose b + 1 = 6*n. Suppose -3*m = 5*t - 131, 2*t - t = -n*m + 255. What is the units digit of m?
2
Let x(i) = -i - 10. Let z be x(-12). Let o(h) = -h**2 + h + 2. Let k be o(z). Suppose 15 = -5*v, 0 = -k*y + 3*y - v - 12. What is the units digit of y?
3
Let v(x) = 150*x - 398. What is the tens digit of v(25)?
5
Let m be -3 + 4 + (-4 - 4). Let l = 20 + m. What is the units digit of l?
3
Let h be (-68)/14 - 2/14. Suppose -5*t - 24 = -7*t. Let u = h + t. What is the units digit of u?
7
Suppose 464 + 946 = 5*c. What is the hundreds digit of c?
2
What is the hundreds digit of -25 + 310 + 24/(-3)?
2
Let d(x) = -19*x - 20. Suppose -4*u - u = 20. What is the tens digit of d(u)?
5
Let m be 0 - ((2 + -2)/1 - -10). What is the units digit of (3 + 5)/4*(-185)/m?
7
Suppose -5*t = f - 263, -f - 5*t = 2*f - 799. Let z = f + -160. What is the tens digit of z?
0
Let g(a) = -3*a + 5. Let v be g(8). Let l = v + 38. What is the units digit of l?
9
Suppose -2*d - 39 + 1 = -3*z, 4*z - 89 = -5*d. Suppose 4*k = -0*k + 4. Let w = z - k. What is the tens digit of w?
1
Suppose 2837 = c - 4*r, 5*c + 17*r = 19*r + 14167. What is the hundreds digit of c?
8
Let j be 264 + (3 - 4) + -2. Suppose j = 15*b - 12*b. What is the units digit of b?
7
Let g = 2345 + -901. What is the tens digit of g?
4
Let o(g) = -3*g**3 + 8*g**2 + 4*g + 3 + 5*g**3 + 3*g - g**3. What is the units digit of o(-7)?
3
Let w be 3*8/(-60)*(-60)/(-2). Let h(i) = i**2 + 4*i - 8. What is the tens digit of h(w)?
8
Let m(z) = -z + 10. Let c(y) = -2*y**2 - 12*y + 4. Let q be c(-6). Let w be 4*q/((-12)/3). What is the tens digit of m(w)?
1
Suppose -q + 431 = -2*x, 6*q - 11*q + 3*x + 2183 = 0. What is the tens digit of q?
3
Suppose 2*r - 4*k - 1318 = 386, 856 = r - k. What is the hundreds digit of r?
8
Let f be 4/(-6) - (-80)/30. Suppose f*s + 7 = 3*s. Let a = s + -2. What is the units digit of a?
5
Let u(g) be the first derivative of 223*g**4/4 + g**3/3 - 1. Let x be u(1). Suppose -5*n + x = 39. What is the tens digit of n?
3
Suppose 0 = 14*w - 17024 + 4620. What is the units digit of w?
6
Let p = -243 - -599. What is the tens digit of p?
5
Suppose 55 = 4*s + s. Suppose 80 = s*z - 6*z. What is the tens digit of z?
1
Let g(z) = z**2 - 3*z. Let t be g(3). Suppose t = 9*x - 12*x + 15. Suppose 5*n + 0 = -5, x*s = -4*n + 71. What is the units digit of s?
5
Let f = 19 + -17. Suppose -h + 1 = 0, -121 = -r + f*h + 25. Suppose 0*q - 159 = -4*x - q, -r = -3*x + 5*q. What is the tens digit of x?
4
Suppose 8*d + 5*r = 3*d + 55, 2*d + r = 20. Let q = 37 - d. What is the tens digit of q?
2
Let o(x) = x**3 - 8*x**2 - 8*x + 7. Let w be o(9). What is the tens digit of 2168/w - 2/4?
3
Let y(s) = 95*s**2 + 46*s - 89. What is the hundreds digit of y(7)?
8
Suppose -50*z - 11 = -49*z. Let o(p) = 2*p**2 + 9*p + 8. What is the hundreds digit of o(z)?
1
Suppose -3*q + 960 = -3*j, 0 = q - 0*q - 4*j - 320. Suppose q = 6*t - t. What is the units digit of t?
4
Suppose 3*b = 3*o + 1758, 0 = 3*b + 9*o - 6*o - 1776. What is the tens digit of b?
8
Suppose 2*j - 2*i - 1920 = 0, -4*j - 21*i + 24*i + 3838 = 0. What is the tens digit of j?
5
Let g(u) = -u**2 - 5*u - 2. Let b be g(-5). Let l = -6 - b. What is the tens digit of (-9)/6 - 78/l?
1
Let u be (2*8)/(1 + 0). Let q(y) be the first derivative of -y**3/3 + 17*y**2/2 + 13*y + 469. What is the units digit of q(u)?
9
Suppose -11*p + 13*p = 112. Let n = p + 5. Let i = n - 2. What is the tens digit of i?
5
Let m be (-4)/5 + 1 + (-2944)/(-80). Let w = m - -79. What is the hundreds digit of w?
1
Suppose 4*g + 3*u + 14 = 0, 2*u + u + 12 = -3*g. Let o be 385/(-14) - g/(-4). Let c = o + 38. What is the units digit of c?
0
Let s(n) = 5*n**2 - 1. Let j(p) = 4*p**2 - p. Let i(m) = -6*j(m) + 5*s(m). Suppose 0 = -14*v + 16*v - 6. What is the tens digit of i(v)?
2
Suppose 3*w + 20 = -4*c - 89, 4*w - 3*c = -112. Let n(y) = y**2 + 23*y - 16. Let i be n(-25). Let v = i - w. What is the units digit of v?
5
Let m(n) = -n**3 - 7*n**2 + 7*n - 1. Let j be m(-8). Suppose 5 + j = 3*i. What is the tens digit of i/(-18) - 595/(-45)?
1
Suppose -6*b + b = 20. What is the units digit of b + 1 + 52 + 1?
0
Suppose -48*i + 50*i - 682 = 0. What is the units digit of i?
1
Let h(k) = -k**2 + k - 1. Let q(x) = x**3 + 9*x**2 - 10*x + 1. Let a(y) = h(y) - q(y). Let i be a(-11). What is the units digit of ((-5)/i)/(5/10)?
5
Let z = 1675 - 927. What is the units digit of z?
8
Let j = -349 - -349. Let f be ((-2)/(-4))/(1/4). Suppose j = 5*o - 4*i + 58 - 221, 0 = -4*o - f*i + 146. What is the units digit of o?
5
Suppose a - 3*a + 1127 = f, a = -3. What is the tens digit of f?
3
Suppose 6*h - 417 = 1407. What is the units digit of h?
4
Let v = 366 - 68. What is the tens digit of v?
9
Suppose -10151 + 64403 = 44*d. What is the hundreds digit of d?
2
Suppose -2*w + 4*x - 4 = 2*x, -2*x + 4 = -4*w. Let m be (-4)/(w - 1) + -2. Suppose -2*r - 3*r + 35 = 5*c, m*c - 6 = 0. What is the units digit of r?
4
What is the units digit of 103 + -19 - (0 - 6)?
0
Suppose -4*s - 75 - 388 = -r, 0 = 4*s - 20. What is the hundreds digit of r?
4
Let m = -636 + 1196. What is the units digit of m?
0
Let k = 23 - -15. Let j be k/(-10) - (-6)/(-30). What is the units digit of j/12 + 260/6?
3
Let n = 2441 - 1399. What is the units digit of n?
2
Let x = 25 + -9. Suppose 4*z - 5*z + x = 0. Suppose 0 = -o + 5*i, i + 3*i - z = 0. What is the units digit of o?
0
Suppose -20 = -5*p + 4*v, -v + 25 = p - 6*v. Suppose p = 4*k + 3*k - 581. What is the tens digit of k?
8
Let y = -26 + 33. Let u = y - -72. What is the tens digit of u?
7
Let d be 8 - (2 + -2 + 3). Suppose -d*p - 5*r = -325, -p + r + 17 + 40 = 0. What is the units digit of p?
1
What is the hundreds digit of ((4272/(-7))/12)/((-8)/84)?
5
Let y = 3554 - 2451. What is the units digit of y?
3
Let t(f) = 46*f + 147. What is the thousands digit of t(33)?
1
Suppose -1290 = -4*t + 2*m + 3*m, -2*t + 4*m = -648. Suppose 4*a = -5*w + 418, 0*w = 4*w - 4*a - t. What is the units digit of w?
2
Let v = 4377 - 2257. What is the units digit of v?
0
Suppose -c + 225 = 227. Let i(x) = -8*x**3 - 2*x**2 + 3*x + 1. Let y be i(-3). What is the units digit of c/(-8) + y/40?
5
Let x(g) = -g**3 - 25*g**2 - 106*g - 11. What is the tens digit of x(-21)?
5
Let m = 34 - -23. Suppose 0*l - 3*l = m. Let j = l - -33. What is the tens digit of j?
1
Suppose 0 = 3*m - 9 - 6, 3*m + 45 = 5*o. Suppose -2*i - o = -5*i. Suppose -5*h + 27 = -4*v, -h + i*h + 3*v = 27. What is the units digit of h?
7
Suppose -7825 = 16*h - 54929. What is the tens digit of h?
4
Let p = 1 - 3. Let r(u) = 2*u**2 + 3*u + 3. Let i be r(p). Suppose -7*t + i*t = -118. What is the units digit of t?
9
Let u(a) = 12*a**2 - 8*a + 4. Let c be u(5). Suppose n = -5*n + c. What is the tens digit of n?
4
Suppose 636 = 2*b - 2*h - 228, 4*h = -3*b + 1324. What is the units digit of b?
6
Let d(b) = 14*b - 13*b + 17*b - b**2. Let w be d(13). Let n = w + -34. What is the tens digit of n?
3
Suppose 3*x - 12 = 0, 3*s - 4*x - 105 = 26. What is the units digit of s?
9
Let m(p) be the third derivative of -17*p**4/24 - p**3/6 + 3*p**2. What is the tens digit of m(-2)?
3
Suppose a = -0*p + 2*p + 53, 0 = -2*a - 6. Let k = -24 - p. What is the units digit of (-2 + 90)/k + -1?
1
Suppose -8 = -2*x - 2*a, -5*a - 64 + 12 = -4*x. Suppose 0 = x*l - 640 - 176. What is the tens digit of l?
0
Let d be (-120)/(-15) + 4/2. Suppose -2*s + 8 = -d. What is the units digit of s?
9
Suppose 3*x = -4*d + 15, -x = 3*d - d - 3. Suppose -12*l + x*l = -744. What is the units digit of l?
8
Suppose 3 = -p + 4*b - 7*b, -5*p - 2*b + 11 = 0. Let k be 2*4/(-8) - 18. What is the units digit of (16 + k)/(p/(-2))?
2
Let d(f) = 3*f**2 + f + 2. Let x be d(-1). Suppose 5 = x*b - 11. What is the tens digit of b/16 - (-526)/8?
6
Suppose 3*i + 16 = g + 6, -3*g + 10 = i. Suppose -g*j = -7*j + 150. Suppose 2*o = -4*d + j, 0*o - 3*o = 2*d - 79. What is the tens digit of o?
2
Let o